is the ten millions digit of 2842834454?
4
What is the tens digit of 232293916?
1
What is the hundred millions digit of 1162438556?
1
What is the tens digit of 430257636?
3
What is the ten millions digit of 39263444?
3
What is the ten millions digit of 259230977?
5
What is the units digit of 940749441?
1
What is the ten millions digit of 10163738?
1
What is the thousands digit of 184884101?
4
What is the ten thousands digit of 30618939?
1
What is the units digit of 42067000?
0
What is the hundred thousands digit of 157979930?
9
What is the hundred thousands digit of 2226426628?
4
What is the units digit of 627821729?
9
What is the units digit of 3808954614?
4
What is the hundred thousands digit of 376435832?
4
What is the units digit of 179563117?
7
What is the ten millions digit of 18357208?
1
What is the millions digit of 3272239?
3
What is the tens digit of 616752193?
9
What is the tens digit of 2248955185?
8
What is the ten millions digit of 82248184?
8
What is the units digit of 29370176?
6
What is the tens digit of 66082203?
0
What is the hundred thousands digit of 6297694878?
6
What is the hundred millions digit of 796150446?
7
What is the ten thousands digit of 19051347?
5
What is the millions digit of 1581210556?
1
What is the units digit of 45174650?
0
What is the units digit of 1058782754?
4
What is the hundreds digit of 3993605097?
0
What is the hundred millions digit of 636917440?
6
What is the ten millions digit of 70637099?
7
What is the thousands digit of 3669404919?
4
What is the ten thousands digit of 36419127?
1
What is the hundred millions digit of 144608889?
1
What is the ten thousands digit of 66279933?
7
What is the ten thousands digit of 295050547?
5
What is the ten thousands digit of 29047961?
4
What is the hundred thousands digit of 87541187?
5
What is the ten thousands digit of 41859946?
5
What is the units digit of 165910804?
4
What is the hundred millions digit of 184108096?
1
What is the units digit of 2668896041?
1
What is the thousands digit of 374363876?
3
What is the hundred millions digit of 2852384398?
8
What is the ten thousands digit of 38074285?
7
What is the thousands digit of 902395316?
5
What is the ten millions digit of 2065446421?
6
What is the thousands digit of 9833692?
3
What is the thousands digit of 1695181691?
1
What is the hundred millions digit of 488783352?
4
What is the tens digit of 196802274?
7
What is the ten thousands digit of 38045019?
4
What is the units digit of 69350292?
2
What is the hundred thousands digit of 2604715571?
7
What is the thousands digit of 84802432?
2
What is the ten thousands digit of 851335365?
3
What is the ten thousands digit of 18147946?
4
What is the hundreds digit of 84069750?
7
What is the hundreds digit of 181188341?
3
What is the units digit of 1002195892?
2
What is the hundred thousands digit of 1078612462?
6
What is the hundreds digit of 31233590?
5
What is the millions digit of 283436535?
3
What is the units digit of 395914347?
7
What is the hundred thousands digit of 8300574440?
5
What is the units digit of 30518037?
7
What is the ten millions digit of 6620001570?
2
What is the units digit of 50481659?
9
What is the thousands digit of 8488636?
8
What is the millions digit of 32424740?
2
What is the ten millions digit of 191917658?
9
What is the hundred thousands digit of 1965010090?
0
What is the hundreds digit of 128281636?
6
What is the hundred thousands digit of 66569319?
5
What is the tens digit of 347624169?
6
What is the thousands digit of 1489464578?
4
What is the ten millions digit of 53339294?
5
What is the hundreds digit of 2085350?
3
What is the units digit of 3692640099?
9
What is the units digit of 60671995?
5
What is the thousands digit of 7483361?
3
What is the units digit of 276412804?
4
What is the ten millions digit of 1004656819?
0
What is the hundred millions digit of 144019387?
1
What is the millions digit of 6150919870?
0
What is the millions digit of 356369842?
6
What is the millions digit of 129158416?
9
What is the thousands digit of 1865409160?
9
What is the hundred thousands digit of 142179725?
1
What is the ten millions digit of 393243427?
9
What is the units digit of 9583565?
5
What is the hundreds digit of 584347583?
5
What is the units digit of 2877852747?
7
What is the billions digit of 3656858693?
3
What is the hundred millions digit of 245511066?
2
What is the millions digit of 61937043?
1
What is the ten thousands digit of 759039059?
3
What is the millions digit of 133372052?
3
What is the thousands digit of 333355767?
5
What is the units digit of 36224372?
2
What is the ten millions digit of 937172159?
3
What is the hundreds digit of 35371206?
2
What is the ten thousands digit of 122876481?
7
What is the millions digit of 220074537?
0
What is the hundred millions digit of 4744248189?
7
What is the ten thousands digit of 36195335?
9
What is the hundreds digit of 2170932?
9
What is the hundred millions digit of 157781669?
1
What is the ten thousands digit of 572714821?
1
What is the ten millions digit of 6067569600?
6
What is the units digit of 148382784?
4
What is the tens digit of 3362314324?
2
What is the ten millions digit of 44808998?
4
What is the ten millions digit of 83753378?
8
What is the hundred millions digit of 577973915?
5
What is the millions digit of 410416107?
0
What is the millions digit of 34710573?
4
What is the hundred thousands digit of 1267891679?
8
What is the units digit of 9937557?
7
What is the hundred millions digit of 120737729?
1
What is the hundreds digit of 54205756?
7
What is the hundreds digit of 11158319?
3
What is the ten millions digit of 667427450?
6
What is the ten millions digit of 212188905?
1
What is the hundreds digit of 1748071435?
4
What is the hundred thousands digit of 349279179?
2
What is the millions digit of 4079759536?
9
What is the ten millions digit of 87909701?
8
What is the ten thousands digit of 6584426?
8
What is the hundred thousands digit of 68482031?
4
What is the hundred millions digit of 657448468?
6
What is the tens digit of 51693457?
5
What is the thousands digit of 45302816?
2
What is the thousands digit of 293944202?
4
What is the hundreds digit of 1107179732?
7
What is the ten millions digit of 4026908026?
2
What is the units digit of 5743082?
2
What is the units digit of 81102150?
0
What is the thousands digit of 89024860?
4
What is the ten thousands digit of 7898582?
9
What is the thousands digit of 111801943?
1
What is the thousands digit of 2576190542?
0
What is the ten millions digit of 457998873?
5
What is the units digit of 2602680228?
8
What is the ten millions digit of 212468211?
1
What is the hundred thousands digit of 1122288625?
2
What is the tens digit of 18633447?
4
What is the tens digit of 1713722650?
5
What is the thousands digit of 196976222?
6
What is the ten thousands digit of 186701982?
0
What is the billions digit of 1535593852?
1
What is the thousands digit of 26830022?
0
What is the ten millions digit of 77787455?
7
What is the ten thousands digit of 5589761984?
6
What is the units digit of 3319924597?
7
What is the tens digit of 108464866?
6
What is the thousands digit of 30946577?
6
What is the ten millions digit of 19753195?
1
What is the ten thousands digit of 92935553?
3
What is the hundred thousands digit of 356988160?
9
What is the ten thousands digit of 5122250600?
5
What is the hundreds digit of 206380184?
1
What is the hundred thousands digit of 62962886?
9
What is the billions digit of 3290693872?
3
What is the ten thousands digit of 2824580953?
8
What is the ten millions digit of 3457275579?
5
What is the hundreds digit of 2479761700?
7
What is the thousands digit of 58993912?
3
What is the hundreds digit of 2131666866?
8
What is the tens digit of 8384627535?
3
What is the hundred thousands digit of 924522156?
5
What is the tens digit of 68840388?
8
What is the hundred thousands digit of 30130171?
1
What is the ten millions digit of 1701322140?
0
What is the hundred thousands digit of 57620128?
6
What is the hundreds digit of 746575804?
8
What is the hundred thousands digit of 619739430?
7
What is the ten thousands digit of 7369540?
6
What is the hundred thousands digit of 1268184?
2
What is the units digit of 612